ppose 4*a + 12 = -u. Calculate y(a).
-11
Let a be -2 - 20/(-14)*(-8 - -1). Let k(m) be the second derivative of -m**5/20 - 13*m**4/12 - 13*m**3/6 - 3*m**2/2 - 135*m - 2. What is k(a)?
9
Let w(a) = 11*a + 17951 - 17967 - 9*a. What is w(6)?
-4
Let i(j) = -j**3 + 25*j**2 - 25*j + 24. Let q be i(24). Suppose -5*z = -3*b + 20, z - b = -q*z - 6. Let a(t) = -1 + 4*t + t + 8*t. What is a(z)?
-14
Let f(i) be the first derivative of i**4/4 - i**2/2 + 6*i + 268. Suppose 2*x = -x. Give f(x).
6
Let f = 20 + 56. Let o = f - 73. Let l(x) = -2*x - 3. Determine l(o).
-9
Let q(k) = 8919*k - 159 - 8842*k + 8. Determine q(2).
3
Let o(q) = -2*q**2 - 22*q + 28. Suppose 117*h - 70 + 1552 = 78. Give o(h).
4
Suppose -225*n + 88 = -236*n. Let x(c) = c - 37. Calculate x(n).
-45
Let j(d) = 9 - d - 17 + 12 + 4 - 6 - 4. Suppose -4*n + 6*n = 12. Determine j(n).
-8
Let h(f) be the first derivative of f**2/2 - 14*f + 710. Calculate h(5).
-9
Let v(x) be the first derivative of -2*x**3 - 3*x**2 - 10*x + 2581. Give v(-2).
-22
Suppose -o = -2*o - b - 2, 3*o - 2*b - 14 = 0. Let k(y) = 3*y - o - 2 - 6 + 9 - 1. What is k(2)?
4
Let v(i) = -i**3 - 3*i**2 + 2*i - 8. Let x = -869 - -879. Suppose 1015 = -x*g + 975. What is v(g)?
0
Suppose -8*f = -f - 14. Suppose -f*s - m + 4 = 0, -m = -s + 5 - 0. Let l(w) = -30*w + 14*w + 22*w + w**2 + s. What is l(-4)?
-5
Let w be ((-7 - -7)/4)/(-3). Let v(c) be the third derivative of c**5/120 + c**4/24 + c**3/3 - 7*c**2. Let y(a) be the first derivative of v(a). Determine y(w).
1
Let j(c) be the second derivative of 3*c**3/2 + 51*c**2/2 + 274*c + 3. What is j(-7)?
-12
Let w(j) = -33 + 3*j**3 - 5*j**3 + 50 - 21*j - 21 + j**3 + 13*j**2. Calculate w(11).
7
Let y(m) = -43 + 63 - 12*m + 27467*m**3 - 10*m**2 - 8*m**2 - 27468*m**3. Give y(-17).
-65
Suppose -3*y = 5*v - 69, 6*y + v + 87 = 11*y. Let b(j) be the second derivative of 1/6*j**3 + 0*j**2 - y*j + 0. What is b(3)?
3
Let l(j) = -j**2 + 7*j - 6. Let f be (-158)/6*9/6*2. Let d = 98 + f. Suppose d = 4*y - 1. Calculate l(y).
4
Let j(z) = -z**3 - z**2 + 3*z + 2. Suppose -2*a - 8 = -x, -a + 55*x = 51*x + 11. What is j(a)?
11
Let y(g) = -2391*g + 4734*g - 2338*g + 5. Calculate y(-23).
-110
Let k(i) = -2*i**2 + 9*i - 4. Let a = -174 + 172. Let m(f) = f. Let j(z) = a*m(z) + k(z). Calculate j(4).
-8
Let r(f) = -f**3 + 2*f + 1. Let t be ((-60)/(-28))/3*(8 - 1). Suppose 0 = -2*l - 2*g + 4, -2*l = 4*g - t*g + 5. Calculate r(l).
0
Let b(i) = 2*i**3 - 34*i**2 - 50*i - 83. Let u(r) = -13*r**3 + 203*r**2 + 304*r + 499. Let k(y) = 19*b(y) + 3*u(y). Determine k(-36).
-8
Suppose 0*a = 2*a + 14. Let y(g) be the third derivative of g**5/60 + g**4/6 - 7*g**3/6 - 3*g**2 - 6*g + 4. What is y(a)?
14
Let x(r) = -r**3 - 8*r**2 - 6*r + 7. Let o be (-4)/2 - (4 - (4 - 5)). Calculate x(o).
0
Suppose -114*n = -90*n + 864. Let w(a) = -26*a - 940. Calculate w(n).
-4
Let v(p) be the third derivative of -p**5/60 + 9*p**4/8 - 85*p**3/3 + 2015*p**2. Calculate v(17).
0
Let u(t) be the second derivative of -t**3/3 - t**2/2 + 2*t. Let p = -256 + 261. Suppose -4*h - 22 = -v, -p*h = -3*v + 39 - 8. Give u(h).
9
Let v(r) = -10*r - 20. Suppose 84*f - 423 + 176 = 257. Give v(f).
-80
Let w(j) be the second derivative of -j**5/20 - 3*j**4/2 + 3*j**3 - 13*j**2/2 + 3474*j. What is w(-19)?
6
Suppose 4*v - 3*v = -x + 5, -8 = -3*x + 4*v. Suppose -3*u = x*d + 87, -2*u = 5*d + u + 108. Let y(s) = -s**3 - 21*s**2 + 3. What is y(d)?
3
Let m(s) = s**2 - 18*s - 18. Let f be 2*984/112 - 18/(-42). Determine m(f).
-18
Let a(u) = -20*u**2 + 2*u + 1. Let n(b) = b**3 + 94*b**2 - 17*b + 8. Let d(i) = -5*a(i) - n(i). Calculate d(7).
-13
Suppose 0 = -5*x + 4 + 6. Let s(v) = -12*v + 28*v - 19*v - v**x. Let g = -452 + 447. Give s(g).
-10
Suppose 53*s + 1086 = 59*s. Suppose -s*b + 178*b = 15. Let t(j) = -j**3 - 4*j**2 + 6*j + 4. Determine t(b).
-1
Let w(d) = -75*d + 14. Let l(i) = -25*i + 5. Let u(j) = 7*l(j) - 2*w(j). What is u(3)?
-68
Let u(l) = -l - 3. Let f = 17 - 12. Suppose -3*p - 9 = 2*c, f = 2*c - 3*p - 4. Suppose c = -9*s + 9 + 18. Determine u(s).
-6
Suppose -4*a = c - 10, -8*a + 9*a = c. Let t(j) = 9 - 5*j**3 - 3*j**c + 5*j + 0*j**3 + 9*j**2 + 6*j**3. What is t(-5)?
9
Let r(f) = -5*f**3 + 39*f**2 + 66*f + 3. Let b(z) = 2*z**3 - 5*z**2 - z + 1. Let u(p) = 3*b(p) + r(p). Give u(-21).
6
Let g(p) = p + 10. Let t(i) = -19 - 11 + 18 - i. Let o(l) = -4*g(l) - 3*t(l). Let y = -8 - -4. What is o(y)?
0
Let m(k) be the third derivative of -k**6/60 - k**5/30 - k**4/24 - 2*k**3/3 - 34*k**2. Let j be m(-2). Let d be 15/10 + j/4 + -1. Let x(w) = w**2. What is x(d)?
4
Let h(k) = -k**3 + 18*k - 8. Let m(p) = -p**2 - 8*p - 8. Let u be m(-6). Let b be h(u). Let o(g) be the first derivative of -g**2/2 - 10*g + 1. What is o(b)?
-10
Let k(q) = -15*q + 26. Let j(s) = -7*s + 23. Let d(x) = 3*j(x) - 2*k(x). Give d(-4).
-19
Let y(d) be the first derivative of -d**5/10 + d**4/6 - d**3/6 - d**2 + 11*d + 163. Let l(o) be the first derivative of y(o). What is l(-2)?
24
Let x(l) = 1 + 47*l - 48*l + 3. Let k = 46 + -43. Suppose 3*c = 3*j + 9, -7*j = -k*c - 2*j - 1. Determine x(c).
-4
Suppose -5 = 3*v + 1, 3*j = 4*v + 62. Let a be ((-9)/(-6))/(j/24). Let k(c) = -2*c**2 + 8*c - 3*c + 1 + 3*c**a + 0*c**2. Determine k(-5).
1
Suppose -4*i + 71 = 23. Suppose i*f - 15*f = -18. Suppose 4*u = 12, 2*u = -2*a + 6 + f. Let s(h) = h + 3. What is s(a)?
6
Let b(n) = -1. Let s(d) = 7*d**2 - 7*d - 17. Let i(c) = -5*b(c) + s(c). Let t(w) = -12*w**2 + 13*w + 23. Let g(k) = 5*i(k) + 3*t(k). Determine g(7).
-12
Let k(y) = y**2 - 2*y - 484. Let n be k(23). Let q(j) = 61*j**3 - 2*j**2 + 1. Determine q(n).
-62
Let n(h) = h**2 - 6*h + 7. Suppose -181*m = -148*m - 165. What is n(m)?
2
Let b(y) be the second derivative of -y**4/24 - y**3/3 + y**2/2 - 2*y. Let q(o) be the first derivative of b(o). Let t = -12225 + 12230. What is q(t)?
-7
Let d = -5919 + 5922. Let m(b) be the third derivative of 7/24*b**4 + 4/3*b**d + 21*b**2 - 3/20*b**5 + 0 + 0*b + 1/120*b**6. Calculate m(8).
0
Let j(q) = -4*q**2 - 149*q - 40. Let n be j(-37). Let r(b) = 7 + 1 + 4*b - 1 + 3*b. Calculate r(n).
-14
Let x be 3/(96/8*4/16). Let h be 0/x - (33 - 27). Let i(n) = n**2 + 3*n - 9. What is i(h)?
9
Let q(d) be the first derivative of -177 - 2*d - 7/3*d**3 + 1/4*d**4 + 5/2*d**2. What is q(6)?
-8
Let y(p) = 6*p - 7. Let m be 11 - (-5 + 10) - -72. Suppose -141*d + 128*d + m = 0. What is y(d)?
29
Let w(m) = -185*m - 7766. Let o be w(-42). Let y(a) = -a**3 - 2*a**2 - a - 19. Determine y(o).
-119
Let k = 16628 - 16635. Let j(i) = i**3 + 7*i**2 - 8*i - 7. Calculate j(k).
49
Let c be (2 - (-236)/8)*8/18. Let f(w) = -w**3 + 13*w**2 + 15*w - 25. What is f(c)?
-11
Let o(z) = -z**2 + 10*z + 4. Let w(t) = -t**2 + t. Let f(x) = -o(x) + 2*w(x). Let r be 646 - 650 - (1 + -1)/1. Calculate f(r).
12
Suppose -50 = -7*b + 17*b. Let z be 33/(-4) + b/(-4). Let p(j) = j**2 + 6*j - 5. What is p(z)?
2
Let p(w) = 2*w - 17. Suppose 36*c + 139 = 31. Let i be (c/(-12))/(10/80) + 5. Give p(i).
-3
Let j(u) = -3*u - 5. Let p be j(-5). Let q(z) = -401*z - 5. Let y(r) = -735*r - 10. Let n(t) = 11*q(t) - 6*y(t). Determine n(p).
-5
Suppose 5*l + 151 - 181 = 0. Let d(t) = 5*t**2 - 14*t**2 + l*t + 3*t + 25 + 3*t + 10*t**2. Calculate d(-9).
-2
Let i(n) = -20623*n - 20923*n + 5 + 41548*n. Let a(q) = -4 - 3*q**2 + 5 - 3*q**2. Let u be a(-1). Give i(u).
-5
Let x(m) = 4*m**3 - 1 + 2*m**3 + 44*m - 25*m - 7*m**3 - 4*m**2 - 8*m. Calculate x(-6).
5
Let p(a) = 2*a**2 + 9*a + 10. Let s be p(-5). Suppose 5*b + 0*b - s = 0. Let d(w) = 3*w - 5. Let r(q) = -10*q + 14. Let u(n) = -8*d(n) - 3*r(n). Calculate u(b).
16
Suppose -41*z = -39*z - 6. Suppose -3*w - 33 = 4*b, 0 = z*w - 0 + 9. Let q(r) = -r**3 - 5*r**2 + 7*r + 11. Determine q(b).
5
Let n(x) = -2*x**3 - 2*x**2 + 2. Suppose 15*k = -14*k - 22040. Let u = k + 762. What is n(u)?
-22
Let w(s) = 35*s + 592. Let p be w(-17). Let b(u) be the first derivative of u**4/4 + 5*u**3/3 + u**2/2 - 2*u + 6. What is b(p)?
13
Let r(p) = 392 - p - 5*p - 295 + 2*p. What is r(24)?
1
Suppose 3*o + 2*h = 15, -3*o - 3*h + 5 + 13 = 0. Let r(y) = 9*y**2 - 28*y - 2. Let g be r(o). Let x(p) = 3*p**2 + 11*p - 7. Determine x(g).
13
Let n be ((-3)/15)/((-832)/(-280) - (6 + -3)). Let z(f) = 2*f**2 - 13*f. Calculate z(n).
7
Let i(p) = 470 - 10*p - 233 - p**3 + 8*p**2 - 222. L